22121
In base 14, what is 1 + 51021?
51022
In base 9, what is 4 + 12513?
12517
In base 13, what is -a5 + -1a1?
-276
In base 11, what is -301 - 188?
-489
In base 12, what is 27 + -b9b5?
-b98a
In base 15, what is 3 + -c60?
-c5c
In base 15, what is -5 - 2641b?
-26421
In base 15, what is -46 + -cae?
-d05
In base 6, what is 301312 + -4?
301304
In base 5, what is 2 + -21141244?
-21141242
In base 8, what is -346461 + -5?
-346466
In base 11, what is -541 + -392?
-923
In base 11, what is 70 - -7872?
7932
In base 5, what is -14 - 4132213?
-4132232
In base 13, what is -6782 + 25b?
-6524
In base 7, what is -2506 - 1?
-2510
In base 7, what is -4 - -30150?
30143
In base 16, what is -38 + 1732?
16fa
In base 15, what is -1590 - 28?
-15b8
In base 14, what is 474c + 3?
4751
In base 15, what is -c2b09 - 4?
-c2b0d
In base 12, what is 85450b - 3?
854508
In base 5, what is -4 - 23403134?
-23403143
In base 4, what is 102303 - -31032?
200001
In base 5, what is 412113 + -301?
411312
In base 13, what is 43 - 7c9?
-786
In base 4, what is -202230 - -23?
-202201
In base 2, what is 11101111011001 + 101?
11101111011110
In base 11, what is a2156 + -4?
a2152
In base 12, what is -b - 244a0?
-244ab
In base 14, what is -7d50 - -3?
-7d4b
In base 4, what is 3032 + 12?
3110
In base 12, what is 1 + 8947a?
8947b
In base 11, what is -745 + 442?
-303
In base 16, what is 0 + -22?
-22
In base 7, what is -11 + 30014?
30003
In base 3, what is -101221 + -211?
-102202
In base 13, what is 4 - -128230?
128234
In base 15, what is -73 - 29a?
-31d
In base 10, what is 5864239 + -3?
5864236
In base 10, what is 5 + 16490?
16495
In base 8, what is 3 - 146277?
-146274
In base 15, what is 1a13ce + -2?
1a13cc
In base 16, what is 5 - 978?
-973
In base 14, what is 0 - -3da22?
3da22
In base 5, what is 433000103 - 10?
433000043
In base 4, what is -132 + 323233?
323101
In base 10, what is -1 + -151729?
-151730
In base 10, what is -83 + -2809?
-2892
In base 16, what is 55 + -60f?
-5ba
In base 11, what is 8414 - 28?
8397
In base 12, what is -61b + 141?
-49a
In base 10, what is -100082 - 1?
-100083
In base 15, what is 5836 - -11?
5847
In base 9, what is 15344 - -3?
15347
In base 9, what is -1 + 605106?
605105
In base 15, what is 212 + 266b?
287d
In base 10, what is 372 + 141?
513
In base 16, what is 6 + 1615?
161b
In base 7, what is -13 + -106601?
-106614
In base 14, what is -19d - -186?
-17
In base 7, what is 64 - -134?
231
In base 3, what is -211011 + -102111?
-1020122
In base 15, what is -8e - -30cc?
303d
In base 14, what is 3c918 - 0?
3c918
In base 13, what is 1005 + 2c3?
12c8
In base 5, what is 4 + 20121412?
20121421
In base 5, what is -30414 + -304?
-31223
In base 5, what is -112 - 311014?
-311131
In base 11, what is 1355 - a37?
419
In base 15, what is -31b8 + 10?
-31a8
In base 2, what is 1110101101100 + -10110011?
1110010111001
In base 13, what is 3908 + -197?
3741
In base 16, what is -52 + -2764?
-27b6
In base 13, what is 1cb0 - -9?
1cb9
In base 5, what is -13020240 + 1?
-13020234
In base 3, what is 121201112 - 11?
121201101
In base 14, what is 88 - 23c5?
-233b
In base 8, what is -4 - -72360?
72354
In base 11, what is 5 - -a7191?
a7196
In base 6, what is 10032 + -1112?
4520
In base 13, what is -41880 + -3?
-41883
In base 16, what is 8ff + 1f7?
af6
In base 3, what is 11010 + -2?
11001
In base 10, what is 3 - -16657?
16660
In base 4, what is 12 + -21200321?
-21200303
In base 12, what is -96 - -71a?
644
In base 7, what is -145010 + 0?
-145010
In base 9, what is -1 - 22122?
-22123
In base 7, what is 210 + 32215?
32425
In base 4, what is 121130 + 200?
121330
In base 13, what is 1c79 + 25?
1ca1
In base 11, what is -4259 + -3?
-4261
In base 7, what is 3420 + -53?
3334
In base 7, what is -25342 + -150?
-25522
In base 2, what is 100110010 + 101001101001?
101110011011
In base 11, what is -237a + 22?
-2358
In base 5, what is -103220 + -11?
-103231
In base 16, what is -18 + -106?
-11e
In base 11, what is 6 - -10152?
10158
In base 16, what is 1 - f524f?
-f524e
In base 16, what is 4 - -8cd?
8d1
In base 6, what is -3302 + -253?
-3555
In base 11, what is -128829 + 5?
-128824
In base 7, what is 5103 - -1?
5104
In base 12, what is 10 + -273?
-263
In base 3, what is 11001110 - 1?
11001102
In base 10, what is 7 - 1567?
-1560
In base 3, what is -100 - -1022212011?
1022211211
In base 5, what is -1034 + -10?
-1044
In base 2, what is 1011111111001101100 + 10?
1011111111001101110
In base 12, what is -5 - 77851?
-77856
In base 7, what is 2 + 3124021?
3124023
In base 12, what is 32092 + 4?
32096
In base 8, what is 103 - -646?
751
In base 16, what is -4f - -2044?
1ff5
In base 16, what is 5f + -84?
-25
In base 6, what is 324 + 5500?
10224
In base 7, what is 446310 - 5?
446302
In base 3, what is 101022210 + 20?
101100000
In base 14, what is 36a0 + 1?
36a1
In base 15, what is -4 - -2de3?
2dde
In base 15, what is -220885 - -2?
-220883
In base 13, what is 1 + 2c852?
2c853
In base 3, what is 20211220122212 - -11?
20211220200000
In base 2, what is -100 + 1101111001111?
1101111001011
In base 3, what is -1 - 100222112?
-100222120
In base 15, what is -10 + 3030e?
302ee
In base 7, what is -3066 - 1105?
-4204
In base 7, what is -150 + 30363?
30213
In base 4, what is 1 + 13012103?
13012110
In base 7, what is -42061 - -1?
-42060
In base 14, what is -19a - 984?
-b40
In base 14, what is 779d - 3?
779a
In base 12, what is -a0374 - -2?
-a0372
In base 5, what is -33123412 + -10?
-33123422
In base 5, what is 0 - 2143304?
-2143304
In base 6, what is 4242 + 22?
4304
In base 7, what is -3034 + -20?
-3054
In base 10, what is -291808 - -2?
-291806
In base 11, what is -49 - 48251?
-4829a
In base 8, what is -32456 - -17?
-32437
In base 15, what is -4954c + 10?
-4953c
In base 7, what is 1 - 1106102?
-1106101
In base 3, what is 1002110 + -1121?
1000212
In base 8, what is 10731 - 67?
10642
In base 14, what is -a691 - 2?
-a693
In base 11, what is 14 - -93292?
932a6
In base 14, what is -d + 6b?
5c
In base 8, what is -707507 - 3?
-707512
In base 14, what is -897 - 24?
-8bb
In base 7, what is -410306 + 2?
-410304
In base 9, what is 511 + -660?
-148
In base 15, what is 6a21 + 0?
6a21
In base 7, what is 4131320 - -2?
4131322
In base 9, what is -460804 + -11?
-460815
In base 7, what is 1023 + -22334?
-21311
In base 11, what is 24 + 169a?
1713
In base 15, what is -41da0 - -2?
-41d9d
In base 9, what is -4 + 5146?
5142
In base 5, what is -2110414233 + -3?
-2110414241
In base 15, what is 173 + -24?
14e
In base 2, what is -10000110101 - -101101?
-10000001000
In base 4, what is -20013232 - 0?
-20013232
In base 16, what is -3c25 - -4?
-3c21
In base 16, what is -2 + -508b1?
-508b3
In base 14, what is -6190 + 2?
-618c
In base 12, what is -178 - 31?
-1a9
In base 12, what is 32 + 483a?
4870
In base 10, what is -2569 + 191?
-2378
In base 4, what is -3121130 + 22?
-3121102
In base 16, what is ce + -3ff6?
-3f28
In base 14, what is -b816 - 3?
-b819
In base 14, what is 3090 - 5?
3089
In base 14, what is -3 + 2c8c?
2c89
In base 6, what is 3 - -344010?
344013
In base 13, what is -3c5 - -4?
-3c1
In base 14, what is 1695 - -c?
16a3
In base 9, what is -25 + -5444?
-5470
In base 11, what is -134 + -298?
-421
In base 15, what is -144 - -109?
-3a
In base 16, what is 1c8 - -168?
330
In base 9, what is -76634 - 1?
-76635
In base 5, what is 0 + 10143101?
10143101
In base 4, what is 32130113 + -2?
32130111
In base 12, what is 203364 - 0?
203364
In base 15, what is -71 - a3a?
-aab
In base 2, what is -1 - 1011000001111111?
-1011000010000000
In base 11, what is 25521 - -10?
25531
In base 5, what is -22342 + 1040?
-21302
In base 8, what is 6034 + -16?
6016
In base 2, what is 101111001 + -10010100011?
-1100101010
In base 14, what is 9dc - 2?
9da
In base 16, what is -eb8 - 0?
-eb8
In base 2, what is -100111010011 - -10111011?
-100100011000
In base 9, what is -285 + 753?
457
In base 6, what is 0 - 11114?
-11114
In base 13, what is -2763 + -43?
-27a6
In base 11, what is 26765 + 0?
26765
In base 6, what is 45443032 - -3?
45443035
In base 3, what is -200 - 11112?
-12012
In base 10, what is -756 - -262?
-494
In base 3, what is 11110 + -1120102?
-1101222
In base 3, what is -1 - 101120?
-101121
In base 7, what is 4 + 122065?
122102
In base 13, what is 25c437 + 1?
25c438
In base 6, what is -41 + -52215?